(p)?
-2
Let u be 13/11 + 8/(-44). Suppose -q + u - 2 = 0. Let x(f) = 4*f**3 + 2*f**2 + f. Determine x(q).
-3
Suppose -15*n - 11 = 49. Let o(i) = -i**2 - 4*i + 1. What is o(n)?
1
Let v(b) be the third derivative of 0*b + 1/120*b**6 + 0 - 7/24*b**4 - 1/12*b**5 - b**2 + 4/3*b**3. Give v(6).
2
Let u(r) = 6*r + 2. Let m be u(4). Suppose -22 - m = -3*d. Suppose 0*i - 4*g = -5*i + d, 0 = 3*i - 5*g - 20. Let h(b) = -b**2 - 3. Calculate h(i).
-3
Let o = 39 - 37. Let z(a) = -2*a**2 + a + 2. Give z(o).
-4
Let k(y) = 2*y**3 + 0 - 2*y**2 - 4*y + 7 - y**3 - 4. What is k(3)?
0
Suppose 0 = -l - 2*l. Let z = -2 - l. Let a be 0 + z/2 - -4. Let k(x) = -x**2 + x + 3. Give k(a).
-3
Let a be 4 + (0 + 1)*-2. Let x(d) = d - 6*d**2 + 3*d - a*d + 5 - 3*d + d**3. Let i(c) = -c**2 + 8*c - 6. Let t be i(6). What is x(t)?
-1
Let l(h) = h**3 + 5 - 3 - h**2 + h + 2*h**2. Let t(f) = f + 2. Let k be t(0). Suppose 3*i = -k*i. Calculate l(i).
2
Suppose 0 = -2*o - 1 - 1. Let x(z) = -17*z**2 - 5*z + 3. Let k(f) = -9*f**2 - 3*f + 2. Let r(g) = -5*k(g) + 3*x(g). Determine r(o).
-7
Let u(l) be the third derivative of -l**4/6 - 3*l**3/2 - l**2. Calculate u(-6).
15
Let k = -11 - -17. Let o be (-1 + -14)*(-2)/k. Let g(w) = 11*w**3 + w**2 - 21*w + 3. Let z(d) = -5*d**3 + 10*d - 2. Let j(n) = -4*g(n) - 9*z(n). Calculate j(o).
1
Suppose 3*f + y = 18, -3*f + 7 + 20 = 4*y. Let p = -23 + 32. Let q(k) = 4*k - p - 5*k + 9. Determine q(f).
-5
Let r be (-1)/3 - 38/(-6). Let o(h) = h + 1. Suppose 0 = 2*k + 2. Let y(f) = f**2 + 10*f - 1. Let v(n) = k*y(n) + r*o(n). What is v(-5)?
2
Let d(s) = -s + 0*s**3 - s**3 + 6 + 2*s + 6*s**2 - 7*s. Determine d(5).
1
Let b(j) = j**3 - 7*j**2 + 5*j + 3. Suppose y - 2*y = -24. Suppose -y = -4*u - 0*u. Give b(u).
-3
Suppose p + 15 = -0*p. Let r = 17 + p. Let a(u) = 2*u**2 + u - 7*u**2 - 1 + 2*u**2. Give a(r).
-11
Let y(g) = g**2 - 2*g + 1. Let d(u) = -u**2 + 2*u - 1. Let s(t) = 5*t**2 - t. Let p be s(1). Let h(q) = p*d(q) + 3*y(q). Let x = -2 - -4. Give h(x).
-1
Let j(v) = v**2 + 4*v - 8. Let r be j(-6). Let k(z) = -z**2 + 2*z - 1. Give k(r).
-9
Let h(m) = -m - 9. Let f be 6/(-6)*1*4. Determine h(f).
-5
Suppose -5*k + 2*n - 16 = -2*k, 5*k - 3*n + 26 = 0. Let h(q) = 3*q**3 - 3*q**2 - 1 + 4*q - 4*q**3 + 2. Calculate h(k).
1
Let p(j) = 4*j - 2 - 3*j + 0. Give p(-2).
-4
Let g(n) = -n**3 - 6*n**2 + 4. Let i be g(-6). Let b(s) = -4 + 2*s + 1 - s. What is b(i)?
1
Let r(j) be the third derivative of j**8/20160 + j**7/2520 - j**6/720 - j**5/30 + 7*j**2. Let f(q) be the third derivative of r(q). Give f(-2).
-1
Let s(d) = d - 1. Let g(f) = -f + 1. Let l(w) = 2*g(w) + 3*s(w). Let v = 2 - -2. Suppose -4*o - 13 = p + 3, v*p + 12 = -3*o. What is l(o)?
-5
Let f(t) = -8*t**2 - 14. Let u(q) = -3*q**2 - 5. Let g(c) = 4*f(c) - 11*u(c). Give g(1).
0
Let z(k) be the second derivative of -k**5/20 + k**4/3 + k**3/2 + 3*k**2/2 - 16*k. What is z(5)?
-7
Let x(w) = 0*w**2 - 6 - 3*w**2 - 4*w - 3*w. Give x(-4).
-26
Let f(m) be the first derivative of 4*m - 1 + 2*m**2 + 1/3*m**3. Determine f(-4).
4
Let o(d) = -10*d + 4. Let p(j) = -j + 1. Suppose 3*q + 2*n - 20 = 0, q - 3*q + 16 = 4*n. Let i(u) = q*p(u) - o(u). What is i(-4)?
-14
Let j(g) = -3*g + 0 - 1 + 4. Let a(k) = -k + 2. Let l(s) = 5*a(s) - 2*j(s). Let w = -16 + 11. Calculate l(w).
-1
Let m = -3 - -6. Let i(q) = -2*q - 7*q**2 + q + m*q**2. Calculate i(-1).
-3
Let d(x) = x**2. Let y(m) be the first derivative of m**3 - 3*m**2/2 - m + 4. Let n(f) = -6*d(f) + y(f). What is n(-2)?
-7
Let t be (-6)/(-4)*(-32)/(-6). Let a(x) = x**2 - 9*x + 4. What is a(t)?
-4
Let u(y) = y**3 + 6*y**2 + 3*y. Let l be ((-15)/6)/(2/4). Give u(l).
10
Suppose -3*o - 9 = -21. Suppose -2*y + 5*j + 0 = 6, -o*y + 2 = -3*j. Let r(v) = 3*v - 2. Let z(h) = 3*h - 2. Let i(s) = 2*r(s) - 3*z(s). What is i(y)?
-4
Let l(x) = 2*x**3 - x**2 + 9*x + 1. Let w(r) = 3*r**3 - 3*r**2 + 17*r + 3. Let o(a) = 5*l(a) - 3*w(a). Give o(-5).
1
Suppose 0 = 8*q - 12*q - 12. Let i(t) = -t - 1. Calculate i(q).
2
Let s = -1 + 4. Let u(z) = -z + 0*z**2 + 0*z**2 + 9*z**3 + 13 - 8*z**s. What is u(0)?
13
Let l(v) be the third derivative of -1/3*v**3 + 0 - 1/12*v**4 + 0*v + 4*v**2. Calculate l(-3).
4
Suppose -4*v + 14 = 6. Let d(a) be the first derivative of 3 + 0*a - 1/2*a**v. Give d(0).
0
Let h(a) be the first derivative of -a**4/4 - a**3 + a**2/2 - a + 2. Suppose 4*l + 31 = -5*q, -7*l - 5 = -5*q - 2*l. Calculate h(q).
-4
Let t(y) = 6 - y - 9 + 4. Calculate t(-1).
2
Suppose -2*s - s = 24. Let c = -7 - s. Let b(o) = -4*o + 1. What is b(c)?
-3
Let g(h) = -6*h - 36 + 23 + 15. Suppose -5*j = -6*o + 2*o + 2, 3*j + 5*o - 21 = 0. Determine g(j).
-10
Let q(z) be the second derivative of 0 + 1/2*z**2 - z + 2/3*z**3 - 1/12*z**4. Calculate q(5).
-4
Let i = -10 + 8. Let k(x) = x**2 - 2*x - 3. Calculate k(i).
5
Let u = 6 + -9. Let o(z) = -4*z + 2. What is o(u)?
14
Let i(o) = -o - 3. Let c(b) = b**2 + 6*b - 4. Let v be c(-6). Let g be i(v). Let j(m) = -7*m + 2 + 2*m + g. Determine j(2).
-7
Let i(w) = -2*w**2 + 4*w. Let k(r) be the third derivative of r**5/12 - r**4/3 + 4*r**2. Let p(z) = -7*i(z) - 3*k(z). What is p(-5)?
-5
Let z(r) = 3*r**2 - 4*r**2 - 3*r - 4*r + 10. Calculate z(-7).
10
Let w(i) = i**3 - 4*i**2 - 5*i + 7. Let s be w(5). Let k(f) = f - 9. Give k(s).
-2
Let o be (-10)/8 - 2/(-8). Let q be (1/1)/(o/(-5)). Let u(a) = 2*a + 14. Let x(s) = -2*s - 17. Let y(v) = -6*u(v) - 5*x(v). Determine y(q).
-9
Let j = -1 - 3. Let f = j - 1. Let n(p) be the third derivative of -p**4/24 - p**3/2 + 2*p**2. Calculate n(f).
2
Let m(l) = l**2 - 2*l - 3. Let r be m(-2). Let w(v) = -2*v + 4 - 2*v + r*v. Determine w(-5).
-1
Suppose 2*l + 8 = 2. Let m(w) = w**2 - 3*w - 2. Let h be m(4). Let v(f) = 3*f**h + 4 - 5*f**2 + f**2 - 4*f. Give v(l).
7
Let i(f) = -f**3 - f**2 + 29*f - 8. Let w be i(-6). Let t(h) = h - 3. Let a(z) = -4*z + 9. Let y(l) = -2*a(l) - 7*t(l). Calculate y(w).
1
Let y(d) = -7*d**2 + 5*d - 1. Let h(t) = t**2 - t. Let c(o) = -5*h(o) - y(o). Let v(g) be the first derivative of c(g). Calculate v(-1).
-4
Let h(i) = -i**3 - 3*i**2 + i - 3. Suppose -2 = 2*o + 2*q, o + 5 + 4 = 3*q. Give h(o).
-6
Let r(g) = 11*g - 5*g - 8*g + 6. What is r(6)?
-6
Let m = -2 - 0. Let l = m + 1. Let z(h) be the first derivative of 2*h**3/3 - h**2 - h + 1. Determine z(l).
3
Let s(o) = o**2 - 4*o + 3. Let t be s(3). Let c(p) be the second derivative of 2/3*p**3 - 3/2*p**2 + p - 1/12*p**4 + t. Give c(4).
-3
Let f(o) = o**2 - 8*o + 5. Let w be f(7). Let g(p) = -2*p. Give g(w).
4
Let i = -11 - -6. Let u(j) = 2*j**3 - 4*j**2 + 4*j - 5. Let m(t) = -3*t**3 + 4*t**2 - 4*t + 6. Let p(d) = -3*m(d) - 4*u(d). Determine p(i).
-3
Let b(x) = 4*x - 2. Let j be b(2). Let d be (-4)/j - (-2)/3. Let v(s) = -2 + s**2 - 4*s + 3*s - 2. Calculate v(d).
-4
Let s = -29 + 32. Let t(z) be the first derivative of z**2 + 3*z - 1. Determine t(s).
9
Let m(h) = 2*h + 6. Let v(a) = 4*a + 13. Let c(t) = 13*m(t) - 6*v(t). Suppose 5*u - 9 - 11 = 0. What is c(u)?
8
Suppose 3*f - 4 = 2*f. Let n = -6 + f. Let h(d) = 6*d + 2. What is h(n)?
-10
Suppose 3*i = 1 + 8. Let j(d) be the third derivative of 0 - 4*d**2 + 0*d - 1/24*d**4 + 1/3*d**3. Give j(i).
-1
Suppose 5 = 2*b - 3. Let r(c) = c**2 - 2. Let s be r(2). Let o(t) = -t**2 + 6*t - t**3 + 2*t**3 - 3 - 3*t - 4*t**s. Calculate o(b).
-7
Let y(r) be the second derivative of -r**6/720 + r**5/40 - r**4/12 + 3*r. Let f(k) be the third derivative of y(k). Determine f(4).
-1
Let u(k) = k**2 - 5*k - 3. Suppose -4*t + t = -9. Let i = t - 7. Let a be i/(-2) - 1 - -4. Determine u(a).
-3
Let j(b) be the third derivative of -b**6/120 + b**5/12 - b**4/6 + 2*b**3/3 + 3*b**2. Suppose 0*f - 8 = -2*f. Give j(f).
4
Let g(r) = -1 + 6*r**2 - 6*r + 6 + 0*r**3 + 2*r**3 - 3*r**3. Let i(w) = -w**2 + 2*w + 1. Let v be i(3). Let n be 6 + (-3*1 - v). Determine g(n).
0
Let i(o) = 3*o - 9. Let m be i(2). Let y(v) = 6*v - 2. Give y(m).
-20
Suppose 15 + 9 = 4*v + 4*z, -4*z = -12. Let b(p) = -5 + 1 + p**2 + p**v - 3*p**2. Suppose -8*o + 5*o = -9. Give b(o).
5
Let o be -3 + (-7 - -8)/((-1)/(-10)). Let k(a) = a**2 - 6*a - 7. Give k(o).
0
Let a(i) be the first derivative of i**2/2 - 4*i - 85. Let h(r) = r**2 - 4*r + 6. Let l be h(4). Calculate a(l).
2
Let v(x) = 2*x**2 + 0*x**2 - 2*x + 0*x. Determine v(2).
4
Let u(z) = -4*z - 2. Let a be -4*(6/4)/3. Give u(a)